{"id":210,"date":"2020-05-07T16:35:11","date_gmt":"2020-05-07T13:35:11","guid":{"rendered":"https:\/\/shop.juustola.bitwise.fi\/tilamyymala\/?page_id=210"},"modified":"2024-05-02T20:56:40","modified_gmt":"2024-05-02T17:56:40","slug":"info","status":"publish","type":"page","link":"https:\/\/shop.juustola.fi\/tilamyymala\/info\/","title":{"rendered":"Info"},"content":{"rendered":"\r\n\r\n\r\n<p>Heikkil\u00e4n Juustolan Maitohuone palvelee verkkokaupan noutopisteen\u00e4. Verkkokaupassa myyd\u00e4\u00e4n Heikkil\u00e4n Juustolan l\u00e4hiruokaherkkuja kuten juustoja ja hapanmaitotuotteita. Kaikki tuotteemme ovat kotimaista luomua.<\/p>\r\n<p>Lue lis\u00e4\u00e4 <a href=\"https:\/\/juustola.fi\/\" target=\"_blank\" rel=\"noreferrer noopener\">Heikkil\u00e4n Juustolasta<\/a>.<\/p>\r\n<h3>N\u00e4in teet ostoksia Maitohuoneella<\/h3>\r\n<ol>\r\n<li>Tee ja maksa tilaus etuk\u00e4teen viimeist\u00e4\u00e4n keskiviikon aikana Tilamyym\u00e4l\u00e4n verkkokaupassa.<\/li>\r\n<li>Nouda tilauksesi Heikkil\u00e4n Juustolalta P\u00e4lk\u00e4neen Laitikkalasta (K\u00f6\u00f6kinm\u00e4entie 1, Laitikkala). <strong>Ostokset voi noutaa perjantaisin klo 14-20 ja lauantaisin 10-20.<\/strong><\/li>\r\n<\/ol>\r\n<p>Verkkokaupan tuotteita ei toimiteta postitse vaan ne on noudettava itse.\u00a0<\/p>\r\n\r\n\r\n","protected":false},"excerpt":{"rendered":"<p>Heikkil\u00e4n Juustolan Maitohuone palvelee verkkokaupan noutopisteen\u00e4. Verkkokaupassa myyd\u00e4\u00e4n Heikkil\u00e4n Juustolan l\u00e4hiruokaherkkuja kuten juustoja ja hapanmaitotuotteita. Kaikki tuotteemme ovat kotimaista luomua. Lue lis\u00e4\u00e4 Heikkil\u00e4n Juustolasta. N\u00e4in teet ostoksia Maitohuoneella Tee ja maksa tilaus etuk\u00e4teen viimeist\u00e4\u00e4n keskiviikon aikana Tilamyym\u00e4l\u00e4n verkkokaupassa. Nouda tilauksesi Heikkil\u00e4n Juustolalta P\u00e4lk\u00e4neen Laitikkalasta (K\u00f6\u00f6kinm\u00e4entie 1, Laitikkala). Ostokset voi noutaa perjantaisin klo 14-20 ja lauantaisin [&hellip;]<\/p>\n","protected":false},"author":4,"featured_media":0,"parent":0,"menu_order":0,"comment_status":"closed","ping_status":"closed","template":"","meta":{"_acf_changed":false,"footnotes":""},"class_list":["post-210","page","type-page","status-publish","hentry"],"acf":[],"_links":{"self":[{"href":"https:\/\/shop.juustola.fi\/tilamyymala\/wp-json\/wp\/v2\/pages\/210","targetHints":{"allow":["GET"]}}],"collection":[{"href":"https:\/\/shop.juustola.fi\/tilamyymala\/wp-json\/wp\/v2\/pages"}],"about":[{"href":"https:\/\/shop.juustola.fi\/tilamyymala\/wp-json\/wp\/v2\/types\/page"}],"author":[{"embeddable":true,"href":"https:\/\/shop.juustola.fi\/tilamyymala\/wp-json\/wp\/v2\/users\/4"}],"replies":[{"embeddable":true,"href":"https:\/\/shop.juustola.fi\/tilamyymala\/wp-json\/wp\/v2\/comments?post=210"}],"version-history":[{"count":13,"href":"https:\/\/shop.juustola.fi\/tilamyymala\/wp-json\/wp\/v2\/pages\/210\/revisions"}],"predecessor-version":[{"id":801,"href":"https:\/\/shop.juustola.fi\/tilamyymala\/wp-json\/wp\/v2\/pages\/210\/revisions\/801"}],"wp:attachment":[{"href":"https:\/\/shop.juustola.fi\/tilamyymala\/wp-json\/wp\/v2\/media?parent=210"}],"curies":[{"name":"wp","href":"https:\/\/api.w.org\/{rel}","templated":true}]}}