{"id":640,"date":"2022-07-25T13:11:01","date_gmt":"2022-07-25T10:11:01","guid":{"rendered":"https:\/\/shop.juustola.fi\/tilamyymala\/?post_type=product&#038;p=640"},"modified":"2025-12-15T18:38:23","modified_gmt":"2025-12-15T16:38:23","slug":"piraatti-turkinpippurisuklaa-kermajaatelo","status":"publish","type":"product","link":"https:\/\/shop.juustola.fi\/tilamyymala\/tuote\/piraatti-turkinpippurisuklaa-kermajaatelo\/","title":{"rendered":"Piraatti (turkinpippurisuklaa) kermaj\u00e4\u00e4tel\u00f6"},"content":{"rendered":"<p>Suklaarouheella ja turkinpippurip\u00f6lyll\u00e4 ryyditetty vaniljakermaj\u00e4\u00e4tel\u00f6. Ei liian voimakas kenenk\u00e4\u00e4n, mutta useimmille herkullinen.<\/p>\n","protected":false},"excerpt":{"rendered":"<p>Suklaarouheella ja turkinpippurip\u00f6lyll\u00e4 ryyditetty vaniljakermaj\u00e4\u00e4tel\u00f6. Ei liian voimakas kenenk\u00e4\u00e4n, mutta useimmille herkullinen.<\/p>\n","protected":false},"featured_media":643,"comment_status":"open","ping_status":"closed","template":"","meta":{"_acf_changed":false},"product_brand":[],"product_cat":[15],"product_tag":[],"class_list":{"0":"post-640","1":"product","2":"type-product","3":"status-publish","4":"has-post-thumbnail","6":"product_cat-juustot","8":"first","9":"outofstock","10":"taxable","11":"shipping-taxable","12":"purchasable","13":"product-type-simple"},"acf":[],"_links":{"self":[{"href":"https:\/\/shop.juustola.fi\/tilamyymala\/wp-json\/wp\/v2\/product\/640","targetHints":{"allow":["GET"]}}],"collection":[{"href":"https:\/\/shop.juustola.fi\/tilamyymala\/wp-json\/wp\/v2\/product"}],"about":[{"href":"https:\/\/shop.juustola.fi\/tilamyymala\/wp-json\/wp\/v2\/types\/product"}],"replies":[{"embeddable":true,"href":"https:\/\/shop.juustola.fi\/tilamyymala\/wp-json\/wp\/v2\/comments?post=640"}],"wp:featuredmedia":[{"embeddable":true,"href":"https:\/\/shop.juustola.fi\/tilamyymala\/wp-json\/wp\/v2\/media\/643"}],"wp:attachment":[{"href":"https:\/\/shop.juustola.fi\/tilamyymala\/wp-json\/wp\/v2\/media?parent=640"}],"wp:term":[{"taxonomy":"product_brand","embeddable":true,"href":"https:\/\/shop.juustola.fi\/tilamyymala\/wp-json\/wp\/v2\/product_brand?post=640"},{"taxonomy":"product_cat","embeddable":true,"href":"https:\/\/shop.juustola.fi\/tilamyymala\/wp-json\/wp\/v2\/product_cat?post=640"},{"taxonomy":"product_tag","embeddable":true,"href":"https:\/\/shop.juustola.fi\/tilamyymala\/wp-json\/wp\/v2\/product_tag?post=640"}],"curies":[{"name":"wp","href":"https:\/\/api.w.org\/{rel}","templated":true}]}}